 of 22048?
4
What is the ten thousands digit of 145794?
4
What is the thousands digit of 4111?
4
What is the hundreds digit of 18514?
5
What is the units digit of 133?
3
What is the thousands digit of 18385?
8
What is the tens digit of 20699?
9
What is the hundreds digit of 9822?
8
What is the tens digit of 33067?
6
What is the tens digit of 968?
6
What is the units digit of 3662?
2
What is the units digit of 6427?
7
What is the hundreds digit of 4199?
1
What is the hundreds digit of 52668?
6
What is the units digit of 560?
0
What is the hundred thousands digit of 139143?
1
What is the tens digit of 2251?
5
What is the units digit of 7277?
7
What is the units digit of 514?
4
What is the thousands digit of 4603?
4
What is the thousands digit of 12681?
2
What is the ten thousands digit of 55198?
5
What is the hundreds digit of 19957?
9
What is the hundreds digit of 8212?
2
What is the hundreds digit of 15196?
1
What is the tens digit of 49963?
6
What is the tens digit of 19855?
5
What is the units digit of 6861?
1
What is the ten thousands digit of 23721?
2
What is the hundreds digit of 1906?
9
What is the tens digit of 11451?
5
What is the hundreds digit of 754?
7
What is the tens digit of 16469?
6
What is the thousands digit of 1871?
1
What is the units digit of 157?
7
What is the hundreds digit of 32124?
1
What is the thousands digit of 1831?
1
What is the tens digit of 578?
7
What is the hundreds digit of 2804?
8
What is the thousands digit of 10528?
0
What is the tens digit of 9945?
4
What is the tens digit of 1331?
3
What is the hundreds digit of 715?
7
What is the tens digit of 20418?
1
What is the units digit of 14276?
6
What is the hundreds digit of 4197?
1
What is the tens digit of 774?
7
What is the ten thousands digit of 32756?
3
What is the tens digit of 6836?
3
What is the thousands digit of 2856?
2
What is the ten thousands digit of 19672?
1
What is the tens digit of 1382?
8
What is the ten thousands digit of 16727?
1
What is the hundreds digit of 715?
7
What is the tens digit of 8239?
3
What is the hundreds digit of 355?
3
What is the tens digit of 1711?
1
What is the hundreds digit of 19374?
3
What is the units digit of 20584?
4
What is the thousands digit of 13761?
3
What is the tens digit of 6188?
8
What is the ten thousands digit of 34924?
3
What is the tens digit of 1678?
7
What is the thousands digit of 1529?
1
What is the tens digit of 2951?
5
What is the hundreds digit of 778?
7
What is the thousands digit of 28342?
8
What is the tens digit of 444?
4
What is the hundreds digit of 84672?
6
What is the hundreds digit of 97857?
8
What is the thousands digit of 47002?
7
What is the units digit of 2255?
5
What is the units digit of 467?
7
What is the ten thousands digit of 13588?
1
What is the units digit of 7464?
4
What is the tens digit of 34492?
9
What is the tens digit of 222?
2
What is the ten thousands digit of 80949?
8
What is the tens digit of 2919?
1
What is the units digit of 75?
5
What is the tens digit of 38?
3
What is the hundreds digit of 3313?
3
What is the units digit of 45995?
5
What is the hundreds digit of 337?
3
What is the hundreds digit of 50476?
4
What is the units digit of 502?
2
What is the hundreds digit of 2296?
2
What is the thousands digit of 11463?
1
What is the tens digit of 1029?
2
What is the units digit of 1440?
0
What is the tens digit of 2848?
4
What is the units digit of 30526?
6
What is the tens digit of 4662?
6
What is the tens digit of 1520?
2
What is the units digit of 13703?
3
What is the thousands digit of 19344?
9
What is the ten thousands digit of 36914?
3
What is the thousands digit of 19810?
9
What is the tens digit of 117?
1
What is the tens digit of 1475?
7
What is the hundreds digit of 557?
5
What is the hundreds digit of 533?
5
What is the hundreds digit of 1047?
0
What is the hundreds digit of 150?
1
What is the hundreds digit of 1353?
3
What is the hundreds digit of 84136?
1
What is the tens digit of 66569?
6
What is the units digit of 136?
6
What is the tens digit of 160?
6
What is the hundreds digit of 8348?
3
What is the hundreds digit of 137978?
9
What is the units digit of 1054?
4
What is the hundreds digit of 588?
5
What is the hundreds digit of 2111?
1
What is the ten thousands digit of 11821?
1
What is the thousands digit of 2588?
2
What is the thousands digit of 26031?
6
What is the units digit of 2081?
1
What is the tens digit of 4324?
2
What is the thousands digit of 2818?
2
What is the units digit of 6802?
2
What is the units digit of 962?
2
What is the ten thousands digit of 19447?
1
What is the tens digit of 382?
8
What is the units digit of 3441?
1
What is the units digit of 72005?
5
What is the tens digit of 90585?
8
What is the tens digit of 4425?
2
What is the tens digit of 3397?
9
What is the tens digit of 7759?
5
What is the thousands digit of 7469?
7
What is the units digit of 7281?
1
What is the hundred thousands digit of 112703?
1
What is the thousands digit of 4956?
4
What is the tens digit of 4500?
0
What is the thousands digit of 1012?
1
What is the hundreds digit of 764?
7
What is the thousands digit of 7408?
7
What is the hundreds digit of 3448?
4
What is the units digit of 2195?
5
What is the hundreds digit of 18968?
9
What is the tens digit of 898?
9
What is the tens digit of 1208?
0
What is the thousands digit of 99548?
9
What is the tens digit of 36055?
5
What is the units digit of 10574?
4
What is the ten thousands digit of 12680?
1
What is the hundreds digit of 1930?
9
What is the units digit of 19223?
3
What is the ten thousands digit of 12711?
1
What is the tens digit of 3822?
2
What is the hundreds digit of 23134?
1
What is the hundreds digit of 1553?
5
What is the thousands digit of 1674?
1
What is the thousands digit of 1044?
1
What is the units digit of 982?
2
What is the hundreds digit of 1429?
4
What is the thousands digit of 4695?
4
What is the thousands digit of 1666?
1
What is the ten thousands digit of 28116?
2
What is the tens digit of 523?
2
What is the tens digit of 22865?
6
What is the units digit of 7411?
1
What is the units digit of 32042?
2
What is the tens digit of 2132?
3
What is the units digit of 2182?
2
What is the thousands digit of 3355?
3
What is the hundreds digit of 5175?
1
What is the tens digit of 54474?
7
What is the ten thousands digit of 123966?
2
What is the units digit of 1171?
1
What is the units digit of 7407?
7
What is the ten thousands digit of 13092?
1
What is the ten thousands digit of 31000?
3
What is the thousands digit of 12299?
2
What is the thousands digit of 62830?
2
What is the hundreds digit of 10110?
1
What is the tens digit of 556?
5
What is the hundreds digit of 51435?
4
What is the thousands digit of 1061?
1
What is the tens digit of 9233?
3
What is the thousands digit of 1946?
1
What is the thousands digit of 1856?
1
What is the tens digit of 1457?
5
What is the thousands digit of 6209?
6
What is the hundreds digit of 10165?
1
What is the ten thousands digit of 17875?
1
What is the tens digit of 9270?
7
What is the units digit of 47063?
3
What is the tens digit of 171?
7
What is the thousands digit of 63530?
3
What is the hundreds digit of 1349?
3
What is the hundreds digit of 898?
8
What is the tens digit of 476?
7
What is the thousands digit of 48489?
8
What is the thousands digit of 2219?
2
What is the hundreds digit of 808?
8
What is the ten thousands digit of 40186?
4
What is the hundreds digit of 78534?
5
What is the units digit of 5583?
3
What is the tens digit of 30585?
8
What is the tens digit of 6075?
7
What is the hundreds digit of 166914?
9
What is the units digit of 62?
2
What is the tens digit of 2653?
5
What is the tens digit of 2232?
3
What is the hundreds digit of 637?
6
What is the hundreds digit of 6767?
7
What is the ten thousands digit of 10587?
1
What is the tens digit of 2541?
4
What is the tens digit of 15505?
0
What is the hundreds digit of 252?
2
What is the units digit of 1214?
4
What is the units digit of 35436?
6
What is the tens digit of 1548?
4
What is the tens digit of 4656?
5
What is the units digit of 60454?
4
What is the tens digit of 2086?
8
What is the units digit of 20282?
2
What is the tens digit of 6935?
3
What is the hundreds digit of 28795?
